e 0 = 3*m, -2*k + 12 = -7*m + 2*m. Let v = k - 11. Let o(x) = 3*x**2 + 5*x + 2. Let b(i) = 10*i**2 + 15*i + 7. Let w(h) = 2*b(h) - 7*o(h). Give w(v).
0
Let d(p) be the first derivative of p**4/4 - 2*p**3/3 + 2*p - 4. Let a(h) = -3*h - 6. Let i be a(-5). Suppose z + 2*z = i. What is d(z)?
11
Let n(q) = -6*q - 10*q + 8*q - 2 - q**2 - 4. Determine n(-6).
6
Let r(c) = -3*c - 5. Let x(d) = -13*d - 21. Let f(s) = -9*r(s) + 2*x(s). Determine f(-4).
-1
Let d(r) be the first derivative of -4*r - 1/2*r**2 - 4. Give d(-4).
0
Suppose -27 = -3*g - 6. Let z(p) = 2*p - 8*p + g*p - 8*p**2. Give z(1).
-7
Let v(s) = s**3 - 2*s**2 - 4*s - 1. Suppose y + 5 = 14. Suppose 0 = w - 4*w + y. Give v(w).
-4
Let a(f) be the second derivative of f**3/6 + 4*f. Let q(i) = -5*i**2 + 6*i. Let p(y) = 6*a(y) - q(y). Determine p(-1).
5
Let z(f) = f**3 - 2*f**2 + 2*f - 1. Let q be 28/12 - 8/(-12). What is z(q)?
14
Let l(p) = -4*p**3 + 7*p**2 + p + 4. Let f(r) = -5*r**3 + 8*r**2 + 2*r + 5. Let o(m) = 3*f(m) - 4*l(m). Give o(2).
-5
Let t be 60/(-14) - (-6)/21. Let o(s) be the second derivative of 3*s**2 + 0 + 4*s - 1/3*s**4 - 1/20*s**5 + 1/2*s**3. Give o(t).
-6
Suppose -5*k - 5*x + 16 = -14, -4*k + 2*x = -12. Let g(v) be the second derivative of v**3/3 - 3*v**2 - 4*v. What is g(k)?
2
Let i(h) be the third derivative of 1/8*h**4 + 2*h**2 - 1/60*h**5 - 1/3*h**3 + 0 + 0*h. Let s be (2/3)/((-1)/(-3)). Give i(s).
0
Let b(x) = -9*x**2 - 17*x - 21. Let d(w) = -5*w**2 - 9*w - 11. Let k(v) = -4*b(v) + 7*d(v). Determine k(-5).
7
Let u(f) = -f**3 - 5*f**2 - 5*f. Let w(q) = -q**2 + 1. Let c be w(0). Let n be (-3 - -7)/(c*-1). Calculate u(n).
4
Let r(d) = -5 - 12*d - d**3 + 26*d + 1 - 15*d. Let k(l) = -l**2 - 3*l. Let g be k(-3). Give r(g).
-4
Let s(n) = -14*n**3 - 3*n**2 - 14*n + 56. Let h(w) = 5*w**3 + w**2 + 5*w - 19. Let j(u) = -17*h(u) - 6*s(u). Give j(0).
-13
Let o(x) = 2*x**2 - 5*x + 2. Let t(a) = a - 8. Let k be t(10). Let m(y) = -3*y**2 + k + 4*y**2 - 3. Let w be m(-2). Determine o(w).
5
Let s(k) = -k**3 + 7*k**2 - k + 10. Suppose -3*v = -1 - 20. Determine s(v).
3
Let b be (63/6)/(-3) - (-3)/(-6). Let w(p) = 2 + p**2 + p + 2*p + p. Calculate w(b).
2
Let d(k) = -3*k - 1. Let z(p) = 2*p + 1. Let y(i) = -4*d(i) - 3*z(i). Give y(2).
13
Let v = 3 + -5. Let w(a) be the third derivative of -a**4/24 - 2*a**3/3 - 3*a**2. What is w(v)?
-2
Suppose 0 = 6*n - 2 + 26. Let x(i) = i**3 + 3*i**2 - 3*i - 3. Calculate x(n).
-7
Let d(s) = 2*s**3 + 3*s**2 + 3*s + 2. Suppose -2*a - 3*a = 25. Let i(h) = h + 3. Let f be i(a). Determine d(f).
-8
Suppose -4*p + 0*p + 12 = 0. Let r(n) = -n. Determine r(p).
-3
Let k(c) be the third derivative of 1/6*c**4 - 2*c**2 + 0 + 1/60*c**5 + 2/3*c**3 + 0*c. Calculate k(-5).
9
Let k = 3 + -4. Let i(t) = 74*t - 157*t + 85*t. Give i(k).
-2
Let q(s) = s**3 - 4 - s + 0*s**3 + 25*s**2 - 22*s**2. Let n be q(-3). Let k(f) = f + 2 + 0*f - 7*f**2 - 1. Give k(n).
-7
Let l(v) = -3*v**3 + 2*v**2 + v. Let a be 13/6 - 6/36. What is l(a)?
-14
Let h(p) be the third derivative of -p**6/120 + p**4/24 + p**3 + 6*p**2. Let a = 1 + 3. Suppose -3*d - 6 = 0, 0 = -3*r + a*r + 4*d + 8. Calculate h(r).
6
Let d(a) = -4*a**3 + 2*a - 1. Let w be 4 + 2 + 0/1. Suppose -5*u = c - 2 - 1, 2*c - w = -3*u. Let m be (c/(-6))/((-3)/6). What is d(m)?
-3
Let u(w) = 2*w - 7. Let l be u(6). Let a(k) = k**2 + 0 - 7 + 8 - 3*k + 0. What is a(l)?
11
Let u(z) = z**3 - 7*z**2 - 6*z - 9. Suppose 0 = -5*g + 4*t + 48 - 4, 4*t + 28 = 3*g. Let j be u(g). Let f(k) = -j + 7 + 3*k. What is f(-1)?
-3
Let y(t) = -11*t**3 + 11*t**2 - 2*t - 13. Let k(u) = -6*u**3 + 5*u**2 - u - 6. Let l(z) = 13*k(z) - 6*y(z). Give l(-1).
12
Let a(b) be the first derivative of b**3/3 - 2*b - 1. Let m = 3 + -2. Suppose -3*l + m = -8. Determine a(l).
7
Let j(h) be the third derivative of 0 + 0*h + 1/24*h**4 - 1/20*h**5 - 1/6*h**3 + 1/120*h**6 + 2*h**2. Let s(w) = -2*w - 4. Let c be s(-3). Determine j(c).
-3
Suppose 2*x - 4 = 2*u, -46 = -u + 6*u + 4*x. Let b = 21 + -19. Let w(j) = 11*j**2 + j**3 - j + 0 + 8*j - 4*j**b + 9. Calculate w(u).
3
Let y(n) = 7*n + 8. Let g(a) = -8*a - 9. Let u(k) = 6*g(k) + 7*y(k). Calculate u(-3).
-1
Suppose -a + 3*o = 12, 1 = a - 2*o + 11. Let y(v) be the first derivative of -v**4/4 - 2*v**3 + v**2 + 8*v - 20. Give y(a).
-4
Let u(w) be the third derivative of w**6/120 - w**5/10 + w**4/24 - 2*w**3/3 - 7*w**2. Calculate u(6).
2
Let k = 2 + 0. Suppose -5*w = -2*w - 6. Let z(j) = -w - 20*j**2 + 21*j**2 + 1 - j. Calculate z(k).
1
Let m be (-7 + -3)*(-2)/5. Let o(h) = -8 + h - h + h. Determine o(m).
-4
Let y be 12/4 + -1 + -1. Let l be ((-3)/(-9))/(y/9). Let o(z) = -z**2 + 3*z. Give o(l).
0
Let p = 1 + -3. Let b be 0 + p + -2 + 5. Let y(l) = 9*l - 7*l + 3*l - 1 + 2*l. What is y(b)?
6
Let l = -9 - -15. Let j(i) = 0*i + 5*i - 6*i**3 - l*i + 3*i - 1. Give j(1).
-5
Let x(r) = -r**2 - 4*r - 2. Let v be x(-3). Let u(d) = 20*d**2 + d - 1. Calculate u(v).
20
Let j(l) = -2*l**2 - 4*l**3 - 2*l + 6*l + 0*l**3 + 3*l**3. Let t be ((-6)/5)/((-12)/(-30)). Determine j(t).
-3
Let c(v) = -v**3 - 6*v**2 - 5*v - 1. Suppose 0*m + 2*m = 30. Let y be (8/(-6))/(6/9). Let z be (m/6 - 0)*y. Give c(z).
-1
Let o(r) = -r**2 - 5. Suppose 0 = 6*q - 2*q - 0*q. Determine o(q).
-5
Let x(u) = -3*u + 1. Suppose 2*q - 5 = -l, 0 = 3*q - 5*l - 27 - 13. What is x(q)?
-14
Let u(f) = -f + 4. Let c be u(-2). Let l(k) be the third derivative of 0 + 0*k + 1/120*k**c - 2*k**2 - 1/3*k**3 + 0*k**5 - 1/8*k**4. Give l(-2).
-4
Let b(i) = 2*i**2 - 3*i + 3. Let h(v) = v**3 - 8*v**2 + 2*v - 14. Let m be h(8). Give b(m).
5
Suppose 0 = 5*b - 46 + 16. Let u(y) = y**2. Suppose -3*a - 4 = a. Let p(r) = 7*r**2 - 8*r + 5. Let n(q) = a*p(q) + 6*u(q). Give n(b).
7
Let d(y) = y**3 - y**2 - 2*y - 2. Let h(p) be the second derivative of p**3/6 + 3*p**2 - p. Let s be h(-6). Suppose 4*a - 7 - 5 = s. What is d(a)?
10
Let k = 10 - 5. Let b(g) = 6 - 9*g**3 + 5*g**2 + g**2 + 8*g**3 - 8*g. Calculate b(k).
-9
Let v(l) = -2*l - 3 + 4*l + 2*l**2 + 2 + 0. Let j be ((-16)/(-32))/(0 - (-1)/(-4)). Calculate v(j).
3
Let f(v) = v**3 + v**2 - v + 2. Let k be (-1 - 5/(-4))*(0 + 0). Give f(k).
2
Let c(g) = -g**3 - 3*g**2 - 13. Let m(s) = s**3 + 4*s**2 + 13. Let i(r) = 4*c(r) + 3*m(r). Determine i(0).
-13
Let n(x) = x**3 + 4*x**2 - 3*x + 7. Let g(z) = -3*z**3 - 12*z**2 + 9*z - 22. Let q(h) = 2*g(h) + 7*n(h). Let a be 4/(-14) - 33/7. Determine q(a).
-5
Let c(k) = -k - 3. Let j(a) = a**2 + 11*a + 13. Let i be j(-10). Suppose -m + 19 = -3*u, -4*u = -8*u + i*m - 27. Calculate c(u).
3
Let i(o) = -o - 3. Suppose 5*g - 8 = 4*m, -4*g - 4*m + 4 = -6*m. Suppose -q + 3*q - 10 = g. Suppose -5 - q = 5*j. What is i(j)?
-1
Let n(s) = 13*s - 17. Let f(t) = -20*t + 26. Let k(i) = -5*f(i) - 8*n(i). What is k(7)?
-22
Suppose -4*l + b + 4 + 9 = 0, -b + 8 = 3*l. Suppose 2*t = 4*a + 10, -22 = l*a + 3*t - 1. Let u(d) = d + 0*d + 0 + 4. Determine u(a).
0
Let j(p) = -p**2 + p. Let h(w) = -w - 8. Let f = 96 + -68. Suppose -f = 5*m + v, -m + 2*v = 10 - 0. Let z be h(m). Give j(z).
-6
Let w(x) = 6*x - 3*x - 2*x - 2*x**2. Let u be w(1). Let z(k) = 2*k**3 - 2*k - 3 + 0*k**3 - k**2 + 2 - k**3. Determine z(u).
-1
Let y be (1 - 0 - 2) + 3. Let m be (-18)/4 - 1/y. Let s(c) = -c - 7. Give s(m).
-2
Let b(t) = 10*t**3 - 3*t + 4 + 0*t - 5*t - 11*t**3 + 9*t**2. What is b(8)?
4
Let u(z) = 6*z**2 + 4*z**3 - 3*z**3 + 0*z + 6*z + 4 - 2*z**3. What is u(7)?
-3
Let m(p) be the first derivative of 1/3*p**3 + 6 - 2*p - 3/2*p**2. What is m(4)?
2
Let o(i) be the third derivative of -1/3*i**3 - 1/120*i**6 + 0 + 0*i + 1/12*i**5 + 0*i**4 - i**2. Suppose -4*t - 4 + 24 = 0. Determine o(t).
-2
Let v(z) = -z**3 + 2*z**2 + 2*z. Let a(c) = 21*c**3 - c. Let j be a(1). Let y = -28 + j. Let u be ((-6)/y)/(1/4). Give v(u).
-3
Let m(k) = k**2 - 5*k. Let j be m(5). Let s(i) = 5*i - 16. Let d(v) = 14*v - 47. Suppose 0 = -4*l - 0*l + 24. Let n(p) = l*d(p) - 17*s(p). Determine n(j).
-10
Let z(o) = o**3 + 3*o**2 - o - 3. Suppose 3*u + t + 11 = 0, 0*u = 5*u - 2*t + 11. What is z(u)?
0
Let x(q) = -3 + q**2 + 2*q - 5*q - 1 + 0*q. Let l be x(5). Let k(g) be the first derivative of g**2/2 + 2. What is k(l)?
6
Let z = -7 + 3. Let f be (-14)/z + 8/16. Let r(u) = -u**3 + 3*u**2 - 4*u + 1. Let k(h) = 2*h**3 - 5*h**2 + 7*h - 1. Let l(n) = 3*k(n) + 7*r(n). Give l(f).
8
Let w = -2 + 6. Let 